 6. Let i(p) = 4*p**3 - 10*p + 5. Suppose s - 28 = -0*k - 5*k, 4*s = -5*k + 22. Let f(h) = k*i(h) - 5*j(h). Give f(-4).
4
Let f(c) = 59*c**2 - 15*c - 10. Let h(k) = -128*k**2 + 31*k + 20. Let y(a) = -13*f(a) - 6*h(a). Calculate y(-7).
-4
Let c(m) = -23*m + 9. Suppose 0 = 2266*w - 2270*w - 3 + 11. Calculate c(w).
-37
Suppose -2*o + 15 = 5*z - 28, 3*o = -5*z + 52. Let r(t) = -t**3 + 8*t**2 + 17*t - 66. What is r(o)?
6
Suppose 17*i - 14*i - 864 = -21*i. Let d = 10 + -1. Suppose i = -0*h - d*h. Let s(b) = 6*b + 6. What is s(h)?
-18
Let m(h) = 5*h**2 + 3*h - 3. Let g be 380/28 + -11 + 16/(-28). Give m(g).
23
Let c(m) be the first derivative of -119*m**2/2 + 827*m - 11398. Calculate c(7).
-6
Let o(u) = -u - 34. Let q(w) = w + 42. Let h(i) = -5*o(i) - 4*q(i). Let k(f) = -f**3 + 3*f**2 + 2*f + 3. Let p be k(3). Give h(p).
11
Let g(o) = -o**2 - 3*o + 1. Suppose -5*b + 428 = -2*n, -475 = -5*b - n - 44. Suppose 0 = -2*r + b + 60. Let l = 67 - r. What is g(l)?
-17
Suppose 0 = 4*j + 5*y - 49, -4*j + 5*y + 33 = -6. Let w(c) = c**3 - 10*c**2 - 16*c + 43. Determine w(j).
-12
Suppose 21*u - 7 - 35 = 0. Let j(y) = u + 16*y + 3 - 7*y - y**2. What is j(9)?
5
Let s(m) be the first derivative of -m**4/4 - 19*m**3/3 + 20*m**2 - 35*m + 842. Calculate s(-21).
7
Suppose 113*n = 110*n - 3*l + 21, -19 = -2*n - 3*l. Let t(f) = 3 - 3 - 32*f**2 + 21*f**2 + 2 + n*f + 12*f**2. Give t(-3).
5
Let x(q) = 12*q - 45. Suppose 24*d + 2054 - 2174 = 0. What is x(d)?
15
Let q(a) = -a**3 - 6*a**2 + 27*a + 4. Let b(d) = -d**3 + 26*d**2 + 15*d - 399. Let j be b(26). Calculate q(j).
4
Suppose 0 = -5*y + 2287 - 892. Suppose 6*g + 3*g = y. Let r = -28 + g. Let i(p) = p**3 - 3*p**2 - 3*p + 2. Calculate i(r).
-7
Let u(y) be the first derivative of -1/40*y**5 + 22/3*y**3 + 0*y**2 + 36 + 0*y + 1/8*y**4. Let b(x) be the third derivative of u(x). Calculate b(3).
-6
Let w(m) = m**3 - 12*m**2 + 10*m + 4. Let l be 2/6 - (10/(-6) - -2). Let h = l - -11. Let t be w(h). Let v(x) = x**2 + 7*x - 8. What is v(t)?
-8
Let m(h) = -17*h + 62 + 33*h**2 - 3 + h**3 + 24*h + 47*h + 10*h. Calculate m(-31).
-3
Let p be 3 - 1*(5 - 4). Let o(s) = 1 + s + s**p + 2*s**3 - 7*s**3 + s**3 + 8*s**3. Determine o(-1).
-3
Let d = 483 + -480. Let l(r) = 2781*r**3 - 8*r**2 - 8*r - r - 2782*r**d + 3. Determine l(-7).
17
Let g = -1132199/120 - -9435. Let x(h) be the third derivative of 0*h**3 + 5/24*h**4 + g*h**6 + 0 + 18*h**2 - 1/10*h**5 + 0*h. Calculate x(5).
0
Let m(r) = 15 - 9*r**2 - 46*r + 11*r**2 - 56 + 89*r. Determine m(-23).
28
Suppose -d - 53 = l - 61, -50 = -4*d + 2*l. Let s(j) = -j**2 + 12*j - 12. What is s(d)?
-1
Let j(v) = 15*v - 7. Let n(q) = -2*q + 1. Suppose -18*y + 99 + 9 = 0. Let b(h) = y*n(h) + j(h). What is b(-2)?
-7
Let o(z) = -z**3 - 4*z**2 + 8*z - 1. Let b(x) = 3*x**3 + 12*x**2 - 26*x + 5. Let q(v) = 2*b(v) + 7*o(v). Calculate q(-4).
-13
Let h be (-5*84/(-90))/(28/(-42)). Let p(w) = -w**2 + 34*w + 286. Calculate p(h).
-1
Suppose 9*t - 10520 + 10475 = 0. Let l(n) = n**3 - 4*n**2 - 4*n + 7. Determine l(t).
12
Let f(t) = 4*t**2 + 8*t - 24. Let b(o) = -2*o**2 - 9*o + 16. Let n(l) = -3*b(l) - 2*f(l). What is n(12)?
-156
Let m(y) = -y + 6. Let i be m(-10). Suppose -s = 2*x + x - i, 3*x = s + 8. Let f(a) = -a**2 + 3*a - 4. Give f(s).
-8
Let k(g) = -2*g**3 - g**2 - 2*g - 1. Let c be (-6)/(-6)*(-2)/2. What is k(c)?
2
Suppose 38 + 4 = 7*q. Let c(m) be the first derivative of -2*m**2 + 5*m - 443. Calculate c(q).
-19
Let z(n) be the second derivative of n**4/12 - 3*n**3/2 + n**2/2 + 8*n. Suppose -274 = -27*a - 31. Calculate z(a).
1
Let x(o) = -2*o - 7. Let m be ((-2)/4)/((6 - 2)/32). Let v(n) be the third derivative of -n**5/20 - 5*n**4/8 - 5*n**3/6 - 2*n**2. Let c be v(m). Give x(c).
-21
Let b(k) = -2*k**3 - 68*k**2 + 14*k - 4. Let w(o) = -4*o**3 - 154*o**2 + 30*o - 8. Let f(m) = -9*b(m) + 4*w(m). Let t be 0 + (-5)/((-15)/12). What is f(t)?
44
Suppose 725*n = -2*v + 729*n, v + 4*n - 42 = 0. Let s(f) = -4*f + 38. What is s(v)?
-18
Let r(a) = -2*a + 8. Let x = -3763 + 3766. What is r(x)?
2
Suppose 3*h - 842 = -3*i - 2*h, 0 = 3*i - 4*h - 806. Let t(b) = i - b + 278 - 562. Give t(0).
-10
Let t(d) be the second derivative of d**3/3 - 11*d**2/2 - 1753*d. Give t(-4).
-19
Let l(u) be the second derivative of -u**6/45 + u**5/120 - 4*u**3/3 - 7*u**2/2 + 299*u. Let n(d) be the second derivative of l(d). What is n(-1)?
-9
Let n(g) be the third derivative of 0*g**3 + 0*g + 1/12*g**4 + 2*g**2 + 0. Suppose -131*k + 126*k + z = 2, 2*k = 4*z - 26. Calculate n(k).
2
Let r(x) = x**3 - 6*x**2 - 77*x + 492. Let b be r(7). Let y(j) = -7*j. Give y(b).
-14
Let p be (-7800)/(-42) - 11 - (-4)/14. Suppose 4*b - p + 195 = 0. Let i(r) = r**3 + 5*r**2 - 5. What is i(b)?
-5
Let b(s) = 3327*s**2 - 12 - 46*s - 3325*s**2 - 17 + 6*s. Give b(21).
13
Let r be ((-9)/5)/((-63)/105). Let d(z) = 3*z**3 + 23*z**2 + z + 6. Let t(x) = x**3 + 8*x**2 + 2. Let m(p) = r*d(p) - 8*t(p). Determine m(-5).
-13
Let o(q) = 5*q - 7. Let l(t) = -t - 4. Let n(x) = -3*l(x) - o(x). Let b be n(8). Let i(m) = m**3 - 8*m**2 + 5*m - 4. What is i(b)?
-34
Let u(r) be the third derivative of 0*r - 1/2*r**3 - 1/24*r**4 + 115*r**2 + 0. Determine u(5).
-8
Let s(p) = 72*p - 61. Let u(z) = -5*z + 4. Let q(b) = -s(b) - 13*u(b). What is q(0)?
9
Let q(o) be the third derivative of -o**6/30 + o**5/30 - o**4/12 + o**3/2 + 7055*o**2. Determine q(2).
-25
Let z = 15760 - 15759. Let m(k) = 0 + 3*k + 0. Let t be m(z). Let y(f) = -7*f + 4. What is y(t)?
-17
Suppose -37 - 16 = -14*q + 17. Let j = 3 - 1. Let r(m) = -4*m**3 + 6*m**2 + 4 + m**3 - 6*m + j*m**3. What is r(q)?
-1
Suppose -4*x - 3*d = -7*d + 24, 5*d - 28 = 3*x. Let o(j) be the second derivative of -1/2*j**2 - 3/2*j**3 - j + 0. Determine o(x).
8
Suppose -4*t = -14*t + 100. Let k(z) = 2*z**3 + 1391*z**2 - z**3 - 8*z - 2*z**3 - t - 1399*z**2. Determine k(-7).
-3
Let b(c) = c**2 - 5*c + 25. Let x be b(0). Let q(m) = m - 9. Determine q(x).
16
Let p = 3555 - 3561. Let g(h) = h**3 + 7*h**2 + 5*h - 5. Determine g(p).
1
Suppose -b - b - 22 = 4*u, -b = 3*u + 14. Let r = 50 - 31. Let w(j) = -2*j - 10 + r + 3*j - 6. Calculate w(b).
-2
Let f(w) = -796003 - 84*w - 80*w + 795017. Calculate f(-6).
-2
Let a(v) be the first derivative of v**4 + v**3/6 - 85*v**2/2 + 2*v - 31. Let i(x) be the second derivative of a(x). Calculate i(1).
25
Let f(h) = 3*h**2 - 34*h - 353. Let z be f(18). Let o(j) = j**3 - 8*j**2 + 6*j + 15. What is o(z)?
8
Let k(y) = -y**2 - 4*y + 3. Let u = 8 + 11. Let f = u + -11. Suppose -f = -2*r - 4*q, 2*q + 8 = -4*r - 0*q. What is k(r)?
3
Let g(l) = -10*l + 24. Let s = 3560 - 3557. What is g(s)?
-6
Let p = -233 + 245. Let m(n) = -3*n**2 + 2*n**2 - 18 + 3*n - 10*n + p. What is m(-8)?
-14
Let k(z) be the first derivative of 3*z**4/4 + 3*z**3 - 7*z**2/2 - 20*z + 164. Let r(q) = -2*q**3 - 9*q**2 + 8*q + 16. Let d(n) = 3*k(n) + 4*r(n). What is d(8)?
28
Suppose -7*x + 2*x + 90 = 0. Let c = -10 + x. Let k(p) be the second derivative of -p**3/6 + 5*p**2/2 - 3617*p. Calculate k(c).
-3
Let u(m) be the first derivative of 5*m**2/2 - 6*m + 701. Calculate u(7).
29
Let i = 38048 + -38045. Let t(s) = 7*s**2 + 13*s - 32. Determine t(i).
70
Let p(f) = -f. Suppose -2*j + 21 - 21 = 0. Let m be (j + (-5)/3)/(2/6). Determine p(m).
5
Let m(g) = g**2 + g + 21. Let t(b) = -2*b**3 - 9*b**2 + 5*b. Let w be (1/3)/((-276)/90 + 3). Let c be t(w). Determine m(c).
21
Let t(n) = 12*n**2 + 7*n**3 - 8*n**3 + 3*n - 6 + 10*n**3 - 10*n**3. Let z(y) = 2*y**3 - 13*y**2 - 5*y + 5. Let x(m) = -3*t(m) - 2*z(m). Calculate x(-10).
-2
Let a(o) be the first derivative of -2*o**2 + 20*o - 6. Let c(n) = -n**2 - 46*n + 701. Let x be c(12). Give a(x).
0
Let z(r) = 27*r**2 - 6*r**3 + 7*r**3 - 20 - 10 - 3 - 2*r + 0*r. What is z(-27)?
21
Let y(m) = 10*m**2 - 190*m + 474. Let v be y(16). Let q(g) = -3 - g**2 - 6*g + 2*g - 2. Determine q(v).
-17
Suppose h - 5*p = 22, p - 4*p = -h + 14. Let n(v) = v**3 + 2*v**2 - 13. Let i(r) = -2*r**2 + 11. Let j(x) = i(x) + n(x). Give j(h).
6
Suppose -34 - 111 = 29*x. Let l(m) be the third derivative of -m**5/30 - m**4/12 + m**3/2 - 3*m**2 - 5*m. Give l(x).
-37
Let t(x) = 11215*x + 11218*x - 1 - 22431*x + 20*x**2. Let i(j) = j**3 - j + 1. Let l be i(1). Determine t(l).
21
Let k(i) = -i**3 + i**2 - i - 10. Let d = -23 - -12. Let f be (d - 4)/(-5) + 2. Suppo